{"id":104,"date":"2024-06-12T10:07:16","date_gmt":"2024-06-12T10:07:16","guid":{"rendered":"https:\/\/viveros.osuna.es\/?page_id=104"},"modified":"2024-06-28T07:03:09","modified_gmt":"2024-06-28T07:03:09","slug":"video-114056","status":"publish","type":"page","link":"https:\/\/viveros.osuna.es\/?page_id=104","title":{"rendered":"Pelargonium"},"content":{"rendered":"<p>[et_pb_section fb_built=\u00bb1&#8243; fullwidth=\u00bbon\u00bb _builder_version=\u00bb4.25.1&#8243; _module_preset=\u00bbdefault\u00bb global_colors_info=\u00bb{}\u00bb][et_pb_fullwidth_slider _builder_version=\u00bb4.25.1&#8243; _module_preset=\u00bbdefault\u00bb header_font_size=\u00bb46px\u00bb body_font=\u00bb|800|||||||\u00bb use_background_color_gradient=\u00bbon\u00bb background_color_gradient_stops=\u00bb#2b87da 0%|#29c4a9 96%\u00bb text_shadow_style=\u00bbpreset1&#8243; global_colors_info=\u00bb{}\u00bb][et_pb_slide heading=\u00bbGITANILLAS Y GERANEOS\u00bb _builder_version=\u00bb4.25.1&#8243; _module_preset=\u00bbdefault\u00bb header_level=\u00bbh2&#8243; header_font=\u00bbAbhaya Libre|800|||||||\u00bb header_text_align=\u00bbcenter\u00bb header_text_color=\u00bb#FFFFFF\u00bb header_font_size=\u00bb75px\u00bb body_font=\u00bb|700|||||||\u00bb body_font_size=\u00bb18px\u00bb background_image=\u00bbhttps:\/\/viveros.osuna.es\/wp-content\/uploads\/2024\/06\/CARTEL-VIVEROS-FONDO.jpg\u00bb background_enable_image=\u00bbon\u00bb header_text_shadow_style=\u00bbpreset1&#8243; text_shadow_style=\u00bbpreset1&#8243; global_colors_info=\u00bb{}\u00bb sticky_transition=\u00bbon\u00bb]<\/p>\n<p style=\"text-align: center;\">Gitanilla y geranio, dos bellezas para tu jard\u00edn. Gitanilla de porte colgante y flores peque\u00f1as, geranio de flores grandes y erguido. Ambas alegran tu verano con su colorido y resistencia.<\/p>\n<p>[\/et_pb_slide][et_pb_slide heading=\u00bbSu t\u00edtulo va aqu\u00ed\u00bb button_text=\u00bbClics\u00bb _builder_version=\u00bb4.25.1&#8243; _module_preset=\u00bbdefault\u00bb global_colors_info=\u00bb{}\u00bb sticky_transition=\u00bbon\u00bb]<\/p>\n<p>Your content goes here. Edit or remove this text inline or in the module Content settings. You can also style every aspect of this content in the module Design settings and even apply custom CSS to this text in the module Advanced settings.<\/p>\n<p>[\/et_pb_slide][\/et_pb_fullwidth_slider][\/et_pb_section][et_pb_section fb_built=\u00bb1&#8243; _builder_version=\u00bb4.25.1&#8243; _module_preset=\u00bbdefault\u00bb global_colors_info=\u00bb{}\u00bb][et_pb_row column_structure=\u00bb1_2,1_2&#8243; _builder_version=\u00bb4.25.1&#8243; _module_preset=\u00bbdefault\u00bb global_colors_info=\u00bb{}\u00bb][et_pb_column type=\u00bb1_2&#8243; _builder_version=\u00bb4.25.1&#8243; _module_preset=\u00bbdefault\u00bb global_colors_info=\u00bb{}\u00bb][et_pb_video src=\u00bbhttps:\/\/viveros.osuna.es\/wp-content\/uploads\/2024\/06\/video-nuevo2-114056.mp4&#8243; _builder_version=\u00bb4.25.1&#8243; _module_preset=\u00bbdefault\u00bb global_colors_info=\u00bb{}\u00bb][\/et_pb_video][\/et_pb_column][et_pb_column type=\u00bb1_2&#8243; _builder_version=\u00bb4.25.1&#8243; _module_preset=\u00bbdefault\u00bb global_colors_info=\u00bb{}\u00bb][et_pb_text _builder_version=\u00bb4.25.2&#8243; _module_preset=\u00bbdefault\u00bb text_font=\u00bb||||||||\u00bb text_font_size=\u00bb16px\u00bb text_orientation=\u00bbjustified\u00bb hover_enabled=\u00bb0&#8243; global_colors_info=\u00bb{}\u00bb sticky_enabled=\u00bb0&#8243;]<\/p>\n<p style=\"text-align: justify;\">Los geranios y las gitanillas son dos plantas muy populares en jardiner\u00eda debido a su belleza y facilidad de cuidado. Los geranios, conocidos por sus vistosas flores en tonos rojos, rosas, blancos o morados, son ideales para decorar balcones y terrazas. Por otro lado, las gitanillas, con sus flores en forma de trompeta en colores como el amarillo, naranja o rojo, aportan un toque ex\u00f3tico y alegre a cualquier jard\u00edn. Ambas plantas son resistentes y florecen durante gran parte del a\u00f1o, brindando color y vida a cualquier espacio.<\/p>\n<p>[\/et_pb_text][\/et_pb_column][\/et_pb_row][\/et_pb_section][et_pb_section fb_built=\u00bb1&#8243; _builder_version=\u00bb4.25.1&#8243; _module_preset=\u00bbdefault\u00bb global_colors_info=\u00bb{}\u00bb][et_pb_row _builder_version=\u00bb4.25.1&#8243; _module_preset=\u00bbdefault\u00bb custom_margin=\u00bb-97px|auto||auto||\u00bb global_colors_info=\u00bb{}\u00bb][et_pb_column type=\u00bb4_4&#8243; _builder_version=\u00bb4.25.1&#8243; _module_preset=\u00bbdefault\u00bb global_colors_info=\u00bb{}\u00bb][et_pb_heading title=\u00bbCARACTER\u00cdSTICAS\u00bb _builder_version=\u00bb4.25.2&#8243; _module_preset=\u00bbdefault\u00bb title_level=\u00bbh2&#8243; title_font=\u00bb||||||||\u00bb title_text_align=\u00bbcenter\u00bb title_font_size=\u00bb40px\u00bb background_color=\u00bb#FFFFFF\u00bb hover_enabled=\u00bb0&#8243; global_colors_info=\u00bb{}\u00bb sticky_enabled=\u00bb0&#8243;][\/et_pb_heading][\/et_pb_column][\/et_pb_row][\/et_pb_section][et_pb_section fb_built=\u00bb1&#8243; specialty=\u00bbon\u00bb _builder_version=\u00bb4.25.1&#8243; _module_preset=\u00bbdefault\u00bb custom_margin=\u00bb-68px|||||\u00bb global_colors_info=\u00bb{}\u00bb][et_pb_column type=\u00bb1_2&#8243; _builder_version=\u00bb4.16&#8243; custom_padding=\u00bb|||\u00bb global_colors_info=\u00bb{}\u00bb custom_padding__hover=\u00bb|||\u00bb][et_pb_image src=\u00bbhttps:\/\/viveros.osuna.es\/wp-content\/uploads\/2024\/06\/geranio-1-1.jpg\u00bb title_text=\u00bbgeranio-1-1&#8243; _builder_version=\u00bb4.25.1&#8243; _module_preset=\u00bbdefault\u00bb global_colors_info=\u00bb{}\u00bb][\/et_pb_image][\/et_pb_column][et_pb_column type=\u00bb1_2&#8243; specialty_columns=\u00bb2&#8243; _builder_version=\u00bb4.16&#8243; custom_padding=\u00bb|||\u00bb global_colors_info=\u00bb{}\u00bb custom_padding__hover=\u00bb|||\u00bb][et_pb_row_inner _builder_version=\u00bb4.25.1&#8243; _module_preset=\u00bbdefault\u00bb global_colors_info=\u00bb{}\u00bb][et_pb_column_inner saved_specialty_column_type=\u00bb1_2&#8243; _builder_version=\u00bb4.25.1&#8243; _module_preset=\u00bbdefault\u00bb global_colors_info=\u00bb{}\u00bb][et_pb_heading title=\u00bbGERANIOS\u00bb _builder_version=\u00bb4.25.2&#8243; _module_preset=\u00bbdefault\u00bb title_font=\u00bb||||||||\u00bb title_text_align=\u00bbcenter\u00bb title_font_size=\u00bb40px\u00bb hover_enabled=\u00bb0&#8243; global_colors_info=\u00bb{}\u00bb sticky_enabled=\u00bb0&#8243;][\/et_pb_heading][\/et_pb_column_inner][\/et_pb_row_inner][et_pb_row_inner _builder_version=\u00bb4.25.2&#8243; _module_preset=\u00bbdefault\u00bb hover_enabled=\u00bb0&#8243; global_colors_info=\u00bb{}\u00bb sticky_enabled=\u00bb0&#8243;][et_pb_column_inner saved_specialty_column_type=\u00bb1_2&#8243; _builder_version=\u00bb4.25.1&#8243; _module_preset=\u00bbdefault\u00bb global_colors_info=\u00bb{}\u00bb][et_pb_text _builder_version=\u00bb4.25.2&#8243; _module_preset=\u00bbdefault\u00bb text_font=\u00bb||||||||\u00bb text_font_size=\u00bb16px\u00bb background_color=\u00bb#FFFFFF\u00bb custom_margin=\u00bb||5px|||\u00bb hover_enabled=\u00bb0&#8243; global_colors_info=\u00bb{}\u00bb sticky_enabled=\u00bb0&#8243;]<\/p>\n<p style=\"text-align: justify;\">Pertenecientes al g\u00e9nero Pelargonium, son plantas perennes conocidas por sus vistosas flores en una amplia gama de colores, como rojo, rosa, blanco y morado. Son plantas f\u00e1ciles de cuidar y se adaptan bien a diferentes condiciones de luz, aunque prefieren la luz solar directa. Sus hojas son dentadas y arom\u00e1ticas, y algunas variedades tambi\u00e9n tienen propiedades repelentes de insectos. Los geranios son ideales para macetas, cestas colgantes o parterres, y florecen durante la primavera y el verano, a\u00f1adiendo color y alegr\u00eda a cualquier jard\u00edn o balc\u00f3n. Adem\u00e1s, son plantas resistentes que pueden tolerar periodos de sequ\u00eda, lo que las convierte en una opci\u00f3n popular para jardineros de todos los niveles de experiencia.<\/p>\n<p>[\/et_pb_text][\/et_pb_column_inner][\/et_pb_row_inner][\/et_pb_column][\/et_pb_section][et_pb_section fb_built=\u00bb1&#8243; _builder_version=\u00bb4.25.1&#8243; _module_preset=\u00bbdefault\u00bb global_colors_info=\u00bb{}\u00bb][et_pb_row column_structure=\u00bb1_2,1_2&#8243; _builder_version=\u00bb4.25.1&#8243; _module_preset=\u00bbdefault\u00bb min_height=\u00bb112px\u00bb custom_margin=\u00bb-115px|auto||auto||\u00bb global_colors_info=\u00bb{}\u00bb][et_pb_column type=\u00bb1_2&#8243; _builder_version=\u00bb4.25.1&#8243; _module_preset=\u00bbdefault\u00bb global_colors_info=\u00bb{}\u00bb][\/et_pb_column][et_pb_column type=\u00bb1_2&#8243; _builder_version=\u00bb4.25.1&#8243; _module_preset=\u00bbdefault\u00bb global_colors_info=\u00bb{}\u00bb][et_pb_heading title=\u00bbGITANILLAS\u00bb _builder_version=\u00bb4.25.2&#8243; _module_preset=\u00bbdefault\u00bb title_font=\u00bb||||||||\u00bb title_text_align=\u00bbcenter\u00bb title_font_size=\u00bb40px\u00bb hover_enabled=\u00bb0&#8243; global_colors_info=\u00bb{}\u00bb sticky_enabled=\u00bb0&#8243;][\/et_pb_heading][\/et_pb_column][\/et_pb_row][\/et_pb_section][et_pb_section fb_built=\u00bb1&#8243; _builder_version=\u00bb4.25.1&#8243; _module_preset=\u00bbdefault\u00bb custom_margin=\u00bb-63px|||||\u00bb global_colors_info=\u00bb{}\u00bb][et_pb_row column_structure=\u00bb1_2,1_2&#8243; _builder_version=\u00bb4.25.1&#8243; _module_preset=\u00bbdefault\u00bb min_height=\u00bb609.3px\u00bb custom_margin=\u00bb-43px|auto||auto||\u00bb global_colors_info=\u00bb{}\u00bb][et_pb_column type=\u00bb1_2&#8243; _builder_version=\u00bb4.25.1&#8243; _module_preset=\u00bbdefault\u00bb global_colors_info=\u00bb{}\u00bb][et_pb_image src=\u00bbhttps:\/\/viveros.osuna.es\/wp-content\/uploads\/2024\/06\/gitanilla-1-1-1.jpg\u00bb title_text=\u00bbgitanilla-1-1&#8243; _builder_version=\u00bb4.25.1&#8243; _module_preset=\u00bbdefault\u00bb global_colors_info=\u00bb{}\u00bb][\/et_pb_image][\/et_pb_column][et_pb_column type=\u00bb1_2&#8243; _builder_version=\u00bb4.25.1&#8243; _module_preset=\u00bbdefault\u00bb global_colors_info=\u00bb{}\u00bb][et_pb_text _builder_version=\u00bb4.25.2&#8243; _module_preset=\u00bbdefault\u00bb text_font=\u00bb||||||||\u00bb text_font_size=\u00bb16px\u00bb hover_enabled=\u00bb0&#8243; global_colors_info=\u00bb{}\u00bb sticky_enabled=\u00bb0&#8243;]<\/p>\n<p>Originaria de Sud\u00e1frica, esta resistente planta se adapta bien a climas c\u00e1lidos y secos, soportando el calor y la sequ\u00eda. Adem\u00e1s, es poco propensa a plagas y enfermedades.\u00a0 La flor Gitanilla, tambi\u00e9n conocida como geranio hiedra (Pelargonium peltatum), es una planta perenne de porte colgante que conquista con su belleza y resistencia. Sus tallos rastreros o colgantes, que pueden alcanzar entre 40 y 50 cm de longitud, la Gitanilla requiere abundante luz solar y un riego moderado, evitando el encharcamiento. Se propaga f\u00e1cilmente por esquejes. No olvides protegerla del fr\u00edo intenso, ya que no lo tolera bien.<\/p>\n<p>[\/et_pb_text][\/et_pb_column][\/et_pb_row][\/et_pb_section]<\/p>\n","protected":false},"excerpt":{"rendered":"<p>Gitanilla y geranio, dos bellezas para tu jard\u00edn. Gitanilla de porte colgante y flores peque\u00f1as, geranio de flores grandes y erguido. Ambas alegran tu verano con su colorido y resistencia.Your content goes here. Edit or remove this text inline or in the module Content settings. You can also style every aspect of this content in [&hellip;]<\/p>\n","protected":false},"author":2,"featured_media":0,"parent":0,"menu_order":0,"comment_status":"closed","ping_status":"closed","template":"","meta":{"_et_pb_use_builder":"on","_et_pb_old_content":"<!-- wp:divi\/placeholder \/-->","_et_gb_content_width":"","footnotes":""},"class_list":["post-104","page","type-page","status-publish","hentry"],"_links":{"self":[{"href":"https:\/\/viveros.osuna.es\/index.php?rest_route=\/wp\/v2\/pages\/104","targetHints":{"allow":["GET"]}}],"collection":[{"href":"https:\/\/viveros.osuna.es\/index.php?rest_route=\/wp\/v2\/pages"}],"about":[{"href":"https:\/\/viveros.osuna.es\/index.php?rest_route=\/wp\/v2\/types\/page"}],"author":[{"embeddable":true,"href":"https:\/\/viveros.osuna.es\/index.php?rest_route=\/wp\/v2\/users\/2"}],"replies":[{"embeddable":true,"href":"https:\/\/viveros.osuna.es\/index.php?rest_route=%2Fwp%2Fv2%2Fcomments&post=104"}],"version-history":[{"count":14,"href":"https:\/\/viveros.osuna.es\/index.php?rest_route=\/wp\/v2\/pages\/104\/revisions"}],"predecessor-version":[{"id":253,"href":"https:\/\/viveros.osuna.es\/index.php?rest_route=\/wp\/v2\/pages\/104\/revisions\/253"}],"wp:attachment":[{"href":"https:\/\/viveros.osuna.es\/index.php?rest_route=%2Fwp%2Fv2%2Fmedia&parent=104"}],"curies":[{"name":"wp","href":"https:\/\/api.w.org\/{rel}","templated":true}]}}

<p>[et_pb_section fb_built=»1&#8243; fullwidth=»on» _builder_version=»4.25.1&#8243; _module_preset=»default» global_colors_info=»{}»][et_pb_fullwidth_slider _builder_version=»4.25.1&#8243; _module_preset=»default» header_font_size=»46px» body_font=»|800|||||||» use_background_color_gradient=»on» background_color_gradient_stops=»#2b87da 0%|#29c4a9 96%» text_shadow_style=»preset1&#8243; global_colors_info=»{}»][et_pb_slide heading=»GITANILLAS Y GERANEOS» _builder_version=»4.25.1&#8243; _module_preset=»default» header_level=»h2&#8243; header_font=»Abhaya Libre|800|||||||» header_text_align=»center» header_text_color=»#FFFFFF» header_font_size=»75px» body_font=»|700|||||||» body_font_size=»18px» background_image=»https://viveros.osuna.es/wp-content/uploads/2024/06/CARTEL-VIVEROS-FONDO.jpg» background_enable_image=»on» header_text_shadow_style=»preset1&#8243; text_shadow_style=»preset1&#8243; global_colors_info=»{}» sticky_transition=»on»]</p>
<p style="text-align: center;">Gitanilla y geranio, dos bellezas para tu jardín. Gitanilla de porte colgante y flores pequeñas, geranio de flores grandes y erguido. Ambas alegran tu verano con su colorido y resistencia.</p>
<p>[/et_pb_slide][et_pb_slide heading=»Su título va aquí» button_text=»Clics» _builder_version=»4.25.1&#8243; _module_preset=»default» global_colors_info=»{}» sticky_transition=»on»]</p>
<p>Your content goes here. Edit or remove this text inline or in the module Content settings. You can also style every aspect of this content in the module Design settings and even apply custom CSS to this text in the module Advanced settings.</p>
<p>[/et_pb_slide][/et_pb_fullwidth_slider][/et_pb_section][et_pb_section fb_built=»1&#8243; _builder_version=»4.25.1&#8243; _module_preset=»default» global_colors_info=»{}»][et_pb_row column_structure=»1_2,1_2&#8243; _builder_version=»4.25.1&#8243; _module_preset=»default» global_colors_info=»{}»][et_pb_column type=»1_2&#8243; _builder_version=»4.25.1&#8243; _module_preset=»default» global_colors_info=»{}»][et_pb_video src=»https://viveros.osuna.es/wp-content/uploads/2024/06/video-nuevo2-114056.mp4&#8243; _builder_version=»4.25.1&#8243; _module_preset=»default» global_colors_info=»{}»][/et_pb_video][/et_pb_column][et_pb_column type=»1_2&#8243; _builder_version=»4.25.1&#8243; _module_preset=»default» global_colors_info=»{}»][et_pb_text _builder_version=»4.25.2&#8243; _module_preset=»default» text_font=»||||||||» text_font_size=»16px» text_orientation=»justified» hover_enabled=»0&#8243; global_colors_info=»{}» sticky_enabled=»0&#8243;]</p>
<p style="text-align: justify;">Los geranios y las gitanillas son dos plantas muy populares en jardinería debido a su belleza y facilidad de cuidado. Los geranios, conocidos por sus vistosas flores en tonos rojos, rosas, blancos o morados, son ideales para decorar balcones y terrazas. Por otro lado, las gitanillas, con sus flores en forma de trompeta en colores como el amarillo, naranja o rojo, aportan un toque exótico y alegre a cualquier jardín. Ambas plantas son resistentes y florecen durante gran parte del año, brindando color y vida a cualquier espacio.</p>
<p>[/et_pb_text][/et_pb_column][/et_pb_row][/et_pb_section][et_pb_section fb_built=»1&#8243; _builder_version=»4.25.1&#8243; _module_preset=»default» global_colors_info=»{}»][et_pb_row _builder_version=»4.25.1&#8243; _module_preset=»default» custom_margin=»-97px|auto||auto||» global_colors_info=»{}»][et_pb_column type=»4_4&#8243; _builder_version=»4.25.1&#8243; _module_preset=»default» global_colors_info=»{}»][et_pb_heading title=»CARACTERÍSTICAS» _builder_version=»4.25.2&#8243; _module_preset=»default» title_level=»h2&#8243; title_font=»||||||||» title_text_align=»center» title_font_size=»40px» background_color=»#FFFFFF» hover_enabled=»0&#8243; global_colors_info=»{}» sticky_enabled=»0&#8243;][/et_pb_heading][/et_pb_column][/et_pb_row][/et_pb_section][et_pb_section fb_built=»1&#8243; specialty=»on» _builder_version=»4.25.1&#8243; _module_preset=»default» custom_margin=»-68px|||||» global_colors_info=»{}»][et_pb_column type=»1_2&#8243; _builder_version=»4.16&#8243; custom_padding=»|||» global_colors_info=»{}» custom_padding__hover=»|||»][et_pb_image src=»https://viveros.osuna.es/wp-content/uploads/2024/06/geranio-1-1.jpg» title_text=»geranio-1-1&#8243; _builder_version=»4.25.1&#8243; _module_preset=»default» global_colors_info=»{}»][/et_pb_image][/et_pb_column][et_pb_column type=»1_2&#8243; specialty_columns=»2&#8243; _builder_version=»4.16&#8243; custom_padding=»|||» global_colors_info=»{}» custom_padding__hover=»|||»][et_pb_row_inner _builder_version=»4.25.1&#8243; _module_preset=»default» global_colors_info=»{}»][et_pb_column_inner saved_specialty_column_type=»1_2&#8243; _builder_version=»4.25.1&#8243; _module_preset=»default» global_colors_info=»{}»][et_pb_heading title=»GERANIOS» _builder_version=»4.25.2&#8243; _module_preset=»default» title_font=»||||||||» title_text_align=»center» title_font_size=»40px» hover_enabled=»0&#8243; global_colors_info=»{}» sticky_enabled=»0&#8243;][/et_pb_heading][/et_pb_column_inner][/et_pb_row_inner][et_pb_row_inner _builder_version=»4.25.2&#8243; _module_preset=»default» hover_enabled=»0&#8243; global_colors_info=»{}» sticky_enabled=»0&#8243;][et_pb_column_inner saved_specialty_column_type=»1_2&#8243; _builder_version=»4.25.1&#8243; _module_preset=»default» global_colors_info=»{}»][et_pb_text _builder_version=»4.25.2&#8243; _module_preset=»default» text_font=»||||||||» text_font_size=»16px» background_color=»#FFFFFF» custom_margin=»||5px|||» hover_enabled=»0&#8243; global_colors_info=»{}» sticky_enabled=»0&#8243;]</p>
<p style="text-align: justify;">Pertenecientes al género Pelargonium, son plantas perennes conocidas por sus vistosas flores en una amplia gama de colores, como rojo, rosa, blanco y morado. Son plantas fáciles de cuidar y se adaptan bien a diferentes condiciones de luz, aunque prefieren la luz solar directa. Sus hojas son dentadas y aromáticas, y algunas variedades también tienen propiedades repelentes de insectos. Los geranios son ideales para macetas, cestas colgantes o parterres, y florecen durante la primavera y el verano, añadiendo color y alegría a cualquier jardín o balcón. Además, son plantas resistentes que pueden tolerar periodos de sequía, lo que las convierte en una opción popular para jardineros de todos los niveles de experiencia.</p>
<p>[/et_pb_text][/et_pb_column_inner][/et_pb_row_inner][/et_pb_column][/et_pb_section][et_pb_section fb_built=»1&#8243; _builder_version=»4.25.1&#8243; _module_preset=»default» global_colors_info=»{}»][et_pb_row column_structure=»1_2,1_2&#8243; _builder_version=»4.25.1&#8243; _module_preset=»default» min_height=»112px» custom_margin=»-115px|auto||auto||» global_colors_info=»{}»][et_pb_column type=»1_2&#8243; _builder_version=»4.25.1&#8243; _module_preset=»default» global_colors_info=»{}»][/et_pb_column][et_pb_column type=»1_2&#8243; _builder_version=»4.25.1&#8243; _module_preset=»default» global_colors_info=»{}»][et_pb_heading title=»GITANILLAS» _builder_version=»4.25.2&#8243; _module_preset=»default» title_font=»||||||||» title_text_align=»center» title_font_size=»40px» hover_enabled=»0&#8243; global_colors_info=»{}» sticky_enabled=»0&#8243;][/et_pb_heading][/et_pb_column][/et_pb_row][/et_pb_section][et_pb_section fb_built=»1&#8243; _builder_version=»4.25.1&#8243; _module_preset=»default» custom_margin=»-63px|||||» global_colors_info=»{}»][et_pb_row column_structure=»1_2,1_2&#8243; _builder_version=»4.25.1&#8243; _module_preset=»default» min_height=»609.3px» custom_margin=»-43px|auto||auto||» global_colors_info=»{}»][et_pb_column type=»1_2&#8243; _builder_version=»4.25.1&#8243; _module_preset=»default» global_colors_info=»{}»][et_pb_image src=»https://viveros.osuna.es/wp-content/uploads/2024/06/gitanilla-1-1-1.jpg» title_text=»gitanilla-1-1&#8243; _builder_version=»4.25.1&#8243; _module_preset=»default» global_colors_info=»{}»][/et_pb_image][/et_pb_column][et_pb_column type=»1_2&#8243; _builder_version=»4.25.1&#8243; _module_preset=»default» global_colors_info=»{}»][et_pb_text _builder_version=»4.25.2&#8243; _module_preset=»default» text_font=»||||||||» text_font_size=»16px» hover_enabled=»0&#8243; global_colors_info=»{}» sticky_enabled=»0&#8243;]</p>
<p>Originaria de Sudáfrica, esta resistente planta se adapta bien a climas cálidos y secos, soportando el calor y la sequía. Además, es poco propensa a plagas y enfermedades.  La flor Gitanilla, también conocida como geranio hiedra (Pelargonium peltatum), es una planta perenne de porte colgante que conquista con su belleza y resistencia. Sus tallos rastreros o colgantes, que pueden alcanzar entre 40 y 50 cm de longitud, la Gitanilla requiere abundante luz solar y un riego moderado, evitando el encharcamiento. Se propaga fácilmente por esquejes. No olvides protegerla del frío intenso, ya que no lo tolera bien.</p>
<p>[/et_pb_text][/et_pb_column][/et_pb_row][/et_pb_section]</p>

<p>Gitanilla y geranio, dos bellezas para tu jardín. Gitanilla de porte colgante y flores pequeñas, geranio de flores grandes y erguido. Ambas alegran tu verano con su colorido y resistencia.Your content goes here. Edit or remove this text inline or in the module Content settings. You can also style every aspect of this content in [&hellip;]</p>
